10331120?
-3100322
In base 7, what is 625461012 - 2?
625461010
In base 2, what is -1001101001101 + 10000010110001?
110101100100
In base 11, what is -3732 - a56?
-4688
In base 3, what is 121000121002020 + 10?
121000121002100
In base 14, what is 7 - a08d?
-a086
In base 14, what is -ab01 + 296?
-a849
In base 6, what is -102211 + -3132?
-105343
In base 11, what is 6 - -671288?
671293
In base 6, what is 14 - 1353132241?
-1353132223
In base 8, what is -7733257 + -6?
-7733265
In base 3, what is -202000112 + 20?
-202000022
In base 15, what is -664 + -dc?
-751
In base 9, what is -3 + 15876407?
15876404
In base 11, what is 71 - 8a382?
-8a311
In base 16, what is -4 + -3229cd?
-3229d1
In base 5, what is -11 - 212443031?
-212443042
In base 3, what is 10201112 + -21211102012?
-21200200200
In base 15, what is 72d5a - -b?
72d66
In base 13, what is 5423352c - 1?
5423352b
In base 11, what is -1a217430 - 3?
-1a217433
In base 8, what is 72046 + -13111?
56735
In base 15, what is -11a3 + 41db?
3038
In base 15, what is 47 - 32b2b5?
-32b26d
In base 4, what is 202213030 + 12123?
202231213
In base 13, what is -7bb0767 - 6?
-7bb0770
In base 11, what is -587765 - -12?
-587753
In base 13, what is -a - 272471?
-27247b
In base 15, what is -1ad00 + 8d?
-1ac62
In base 8, what is -667203 - -6?
-667175
In base 4, what is 1002 + -210113?
-203111
In base 10, what is -72328 - -1084?
-71244
In base 3, what is 112112001101021111 + 11?
112112001101021122
In base 11, what is -310 - -1127a?
10a6a
In base 14, what is 182a - -518?
1d44
In base 16, what is -42cc - 84a?
-4b16
In base 10, what is -1490 - 194555?
-196045
In base 12, what is -138722 - -1a?
-138704
In base 15, what is 759790c - 4?
7597908
In base 9, what is -313 + 256720?
256406
In base 13, what is 2201 - -4792?
6993
In base 7, what is -456133 + -42?
-456205
In base 6, what is -2 + 21553305543?
21553305541
In base 16, what is 0 + ed5341?
ed5341
In base 16, what is -1a45 + 6338?
48f3
In base 15, what is -2 - -161a27?
161a25
In base 6, what is 141233224 + -333?
141232451
In base 2, what is 10011100 + 100001000001010100111100?
100001000001010111011000
In base 10, what is -3 + -7386057?
-7386060
In base 7, what is -25 + 3004241?
3004213
In base 3, what is 20220010 - 1101012?
12111221
In base 16, what is c + 8dbd2?
8dbde
In base 11, what is 188017 + -6?
188011
In base 9, what is 21123 - -7173?
28306
In base 9, what is 738372 - 18?
738353
In base 12, what is 257 + 2911a1?
291438
In base 9, what is -317 + 88252?
87834
In base 2, what is -1001101 - 10101111110111110?
-10110000000001011
In base 14, what is -7 - -27c74b?
27c744
In base 11, what is 264697a + -45?
2646935
In base 14, what is 129470 - 7?
129467
In base 15, what is -3e30 - -d5e?
-30c1
In base 7, what is -15536 + -536232?
-555101
In base 15, what is 3 + 1d0c35c0?
1d0c35c3
In base 9, what is -1155775 - -45?
-1155730
In base 11, what is -629 + -28a2?
-3420
In base 13, what is -869 - -7878?
700c
In base 14, what is -6 - 192ac8?
-192ad0
In base 10, what is 647901 - -238?
648139
In base 6, what is 10121524034 + -5?
10121524025
In base 10, what is -11759 - -4152?
-7607
In base 8, what is 667 - 152373?
-151504
In base 16, what is -4 - -389015?
389011
In base 10, what is -7 - -1790234?
1790227
In base 8, what is 5 - 37704123?
-37704116
In base 15, what is 2b + 28cceae?
28cceda
In base 4, what is -101212200303221 - 2?
-101212200303223
In base 10, what is -28 - -29697987?
29697959
In base 16, what is 3ce + -1c9b3?
-1c5e5
In base 11, what is -100 - -12436a?
12426a
In base 4, what is -30012022113 + 211?
-30012021302
In base 16, what is 1a32 - -1eeb?
391d
In base 15, what is 9 + 27de81e?
27de828
In base 7, what is -256 + 6563554?
6563265
In base 10, what is -495 - 2290?
-2785
In base 2, what is 111100001001101000 - -10001100111?
111100011011001111
In base 7, what is -50660 + 1433?
-46224
In base 11, what is -10133365 - 42?
-101333a7
In base 16, what is -2a7d21 + -62?
-2a7d83
In base 3, what is 100021 + -12020210?
-11220112
In base 2, what is -111011101111000000111 - 101000?
-111011101111000101111
In base 15, what is -1d9ed94 + -3?
-1d9ed97
In base 14, what is -5d0b3 + 93c?
-5c575
In base 4, what is -230333 - -11312102?
11021103
In base 16, what is 601a + -494?
5b86
In base 14, what is -5 + 26138?
26133
In base 4, what is 10001020312 + 1102?
10001022020
In base 16, what is 1 + 2524d3?
2524d4
In base 3, what is 2 - 220001100220222?
-220001100220220
In base 14, what is 1b8bd54 - -5?
1b8bd59
In base 5, what is -10334313 + 200?
-10334113
In base 9, what is -67 + -168410?
-168477
In base 6, what is 202351001 + -43?
202350514
In base 5, what is -14 - -2030120211?
2030120142
In base 3, what is -2020102 - -111011001?
101220122
In base 14, what is 2b576b83 + 4?
2b576b87
In base 6, what is 2 + 3313503435?
3313503441
In base 9, what is 637016 + -277?
636628
In base 10, what is 73 + 583065?
583138
In base 6, what is -145044 + -4010?
-153054
In base 4, what is -30 + 101212100210?
101212100120
In base 14, what is 2 + d907d4?
d907d6
In base 4, what is -1232 - 1120213310?
-1120221202
In base 3, what is -10221210102012222110 - 0?
-10221210102012222110
In base 7, what is -3021 + -521540?
-524561
In base 5, what is 2 + 2214030031?
2214030033
In base 9, what is -4 - -4158404?
4158400
In base 14, what is 201da152 - -5?
201da157
In base 3, what is -11 - 1120002120101012?
-1120002120101100
In base 7, what is -310 - -1035054?
1034444
In base 7, what is -22052 + -52352?
-104434
In base 2, what is -100111 + -10101100111100111011?
-10101100111101100010
In base 14, what is -22b + 38?
-1d3
In base 16, what is -7081304 + 4?
-7081300
In base 3, what is -1101211100001211 - 11?
-1101211100001222
In base 10, what is -377909 - -45?
-377864
In base 12, what is -6 - b40492?
-b40498
In base 14, what is -1497670c + -1?
-1497670d
In base 4, what is 0 + -2113020222012?
-2113020222012
In base 10, what is -24 + -1566100?
-1566124
In base 8, what is 660 - 541050?
-540170
In base 6, what is -1340332211 + -14?
-1340332225
In base 11, what is -13565665 - -4?
-13565661
In base 7, what is 22653346 - -15?
22653364
In base 6, what is 0 - 13402342543?
-13402342543
In base 11, what is 4 - 10a4357?
-10a4353
In base 4, what is -332323 - -21311030?
20312101
In base 16, what is 3 - -a5f25?
a5f28
In base 7, what is -60240261 - 4?
-60240265
In base 15, what is b08313e + 1?
b083140
In base 16, what is 77 - -3ac26f?
3ac2e6
In base 6, what is 100153310 + -12?
100153254
In base 3, what is -11 - -2220102000211200?
2220102000211112
In base 15, what is -23b7203 - -4?
-23b71ee
In base 12, what is -21a8 + -22?
-220a
In base 15, what is ea + -49ce?
-48d4
In base 8, what is 2 + 2152715?
2152717
In base 6, what is -225324224525 + -4?
-225324224533
In base 10, what is -217960 + 3610?
-214350
In base 2, what is 10000101110000011 + -101000011000?
10000000101101011
In base 11, what is 59 - 20270?
-20212
In base 12, what is 19bb8 - 1?
19bb7
In base 12, what is -b67a96 + -7a?
-b67b54
In base 14, what is -286 - 26bd6?
-2707c
In base 6, what is 1004 + 33155501?
33200505
In base 5, what is 11124432101041 + 10?
11124432101101
In base 10, what is 6 + 377299?
377305
In base 7, what is 43200061 + -11?
43200050
In base 10, what is -15 + 1415601?
1415586
In base 9, what is -128744757 + -5?
-128744763
In base 8, what is 400354 - -673?
401247
In base 4, what is -201 + 2100230031?
2100223230
In base 4, what is -202233220030 - -2?
-202233220022
In base 12, what is 4 + 920331b?
9203323
In base 5, what is -134214 - 3201040?
-3340304
In base 4, what is -3 + 210001302211?
210001302202
In base 4, what is 20232110101023 + -3?
20232110101020
In base 9, what is 2507 + 344520?
347127
In base 11, what is 6a + -1080815?
-1080756
In base 7, what is 36524 - -3564?
43421
In base 13, what is 2 - -123a3c7?
123a3c9
In base 7, what is 1 + 260534235?
260534236
In base 14, what is -274da5 - 7?
-274dac
In base 10, what is 1078779 - 33?
1078746
In base 12, what is -359290 - -112?
-35917a
In base 5, what is 3 - -3131313430?
3131313433
In base 7, what is 1205634 + 4151?
1213115
In base 13, what is 0 + 3010ba9?
3010ba9
In base 8, what is -3644314 - 15?
-3644331
In base 4, what is -2200320 - 30?
-2201010
In base 12, what is 84 + 5742?
5806
In base 8, what is 54130 - -441?
54571
In base 9, what is 